 h - t. What is the remainder when 105 is divided by h?
24
Suppose 0 = 4*y - 8, -2*k + y + 37 = k. Let s = -20810 - -20824. What is the remainder when (2 + k + 2)*9 is divided by s?
13
Let g(c) = 14*c + 1. What is the remainder when g(7) is divided by 1 - (2 + -7) - -4?
9
Suppose u + 3*r - 63 = -3*u, 0 = 4*r - 20. Let a(j) = -3*j + 33. Let c be a(10). What is the remainder when 214 is divided by (1 - 5/c)*(-774)/u?
42
Let c(j) = -2*j**2 - 4*j + 76. Calculate the remainder when 326 is divided by c(0).
22
Let t = -466 + 488. Suppose 13*r - 8*r - 650 = v, 0 = -4*r - 4*v + 544. Calculate the remainder when r is divided by t.
21
Suppose -264*f + 534*f - 2718 = 267*f. Calculate the remainder when f is divided by 51.
39
Calculate the remainder when ((-79520)/350)/((9/30)/((-3)/4)) is divided by 283.
2
Let h(k) = 2*k + 10. Let r be h(-7). Let q be (3/15*-4)/(r/210). Let f = 29 + q. What is the remainder when f is divided by 15?
11
Let b(n) = -54*n + 61. Let l = -206 + 195. Calculate the remainder when b(l) is divided by 14.
11
Let j be (-1)/(-1)*(4 - 4/4). Let v be 2 - (-1908)/16 - j/12. Let g = v + -73. Calculate the remainder when g is divided by 13.
9
Let l(m) = 4 + 15*m + 8*m**2 - 22*m**2 + 26*m**3 - 27*m**3. Let a be l(-15). What is the remainder when a/(-8)*-222 + -1*1 is divided by 28?
26
Suppose 3*t = 2*t. Suppose t = -u - 6*u + 98. Let w = 37 - u. Calculate the remainder when 67 is divided by w.
21
Let h = 1111 - 1043. Calculate the remainder when 1970 is divided by h.
66
Calculate the remainder when 1076464/608*(-4)/(-2) is divided by 77.
76
Suppose 0 = 69*k - 189*k + 21240. Calculate the remainder when k is divided by ((-18)/8)/((-1)/8).
15
What is the remainder when 180 is divided by (-29)/(-58)*1170/9?
50
Suppose 20*k - 256 = 4*k. Suppose -54 = -19*s + k*s. Calculate the remainder when s is divided by 4.
2
Calculate the remainder when 162 is divided by -6*3/(-48) + (-25327)/(-344).
14
Let i(h) = -76*h - 7. Let c be i(-5). Let w = -153 + c. What is the remainder when w is divided by 37?
35
Let u be 8/36 + (-399)/(-27). Let l be 0 - (-69)/u - (-4)/10. Suppose -3*o + 6*j = 4*j - 48, -81 = -l*o + 3*j. Calculate the remainder when 33 is divided by o.
15
Let i be 5*37*(4/(-2) + 3). Suppose f = 3*o + i, 3*f + 10*o = 5*o + 527. What is the remainder when f is divided by 20?
19
Let h be -2 - ((-1824)/8)/(-2). Let o = h - -127. What is the remainder when 34 is divided by o?
1
Suppose 51*o = 52*o + 5*d + 7, o = -3*d + 1. Calculate the remainder when 88 is divided by o.
10
Let u(v) = v**2 + 2*v - 8. Let g be u(-4). Suppose 4*b + 14 = 3*o, b - 6 = -4*o - g. What is the remainder when (10/(-4))/((-15)/36) is divided by o?
0
Suppose -13172 = 321*m - 42704. Calculate the remainder when 4505 is divided by m.
89
Let w(o) be the second derivative of -o**3/3 - 49*o**2/2 - 9*o + 16. Calculate the remainder when 43 is divided by w(-28).
1
Let a = 99 + -63. Suppose -970 - 1928 = 63*d. Calculate the remainder when 3*d*(-7)/14 is divided by a.
33
Let v = 5928 + -5900. Calculate the remainder when v is divided by 24.
4
Let k(m) = -7*m + 26*m**2 + 39 + 51*m**2 + 0*m**3 + 2*m + 3*m**3 - 16*m**2. What is the remainder when k(-20) is divided by 36?
35
Suppose 0 = 24*p + 2976 - 12276 - 12156. Calculate the remainder when p is divided by 2.
0
Suppose -o = 2*b - 588, 55*b = 53*b + 4. What is the remainder when o is divided by 1?
0
Let m(i) = -20*i + i**3 - 9*i - 6*i - 14 - 21*i**2 + 24*i**2 - 16*i. Calculate the remainder when m(6) is divided by 2.
0
Let t = 1548 - 1513. What is the remainder when t is divided by 10?
5
Suppose -3*y - 24 = 0, 108*f - 110*f - y = 0. What is the remainder when 1011 is divided by f?
3
Let s(b) = b + 20. Let i be -2 + (-3)/((-9)/(-24)). Suppose -6*k + 63 = u - k, 0 = -u - 2*k + 48. Calculate the remainder when u is divided by s(i).
8
Let m = 5 + 7. Let x be m/(-9)*60/(-16). Suppose -o + 64 = x*c, c = o + o - 73. What is the remainder when o is divided by 10?
9
Let w = -59 + 125. Let b be 5*(9/5 - 0). Calculate the remainder when w is divided by (((-408)/b)/(-4))/((-16)/(-24)).
15
Let a = 144 + -60. Let y = -56 + a. Calculate the remainder when y is divided by 12.
4
Let w(k) = k**2 + 7*k + 1731. Calculate the remainder when w(-23) is divided by 687.
38
What is the remainder when (-118 + 35321/676)/(1/(-4)) is divided by 4*(4*4 + 0)?
7
Let g(u) = -8*u + 10. Let x be g(1). Suppose 8*z - 3192 = -768. Suppose z = n + x*r, -5*r = -4*n + 2*n + 579. Calculate the remainder when n is divided by 60.
57
Let j(o) = 2*o**2 + 166*o - 1054. Let v = 106 + -39. What is the remainder when v is divided by j(6)?
11
Suppose 4*b + 8 = 4*q + 24, 3*b + 5*q = 20. Suppose -5*v = 5*y + 10, b*y + 2 = v - 14. Let l = y + 11. What is the remainder when 14 is divided by l?
6
Let d = -43 + 23. Let z(q) = -3*q - 7. What is the remainder when 315 is divided by z(d)?
50
Suppose -5*c = 4*a - 130, -6*a + 25 = -a. Let h be -4 - (-80 + (-30)/5). Suppose h*g - 378 = 76*g. Calculate the remainder when g is divided by c.
19
Let t(k) = -2*k**2 - 18*k. Let l be t(-6). Let i = 44 - l. What is the remainder when -1 + 2 + -1 - -30 is divided by i?
6
What is the remainder when 709/3 + (-224)/672 is divided by 112?
12
Suppose 5*u - 3355 = 5*q, -8*u + 13*u - 3369 = -2*q. What is the remainder when u is divided by 13?
10
Let s(h) = -h + 19*h**2 - 5*h - 6 - 17*h**2. What is the remainder when s(5) is divided by (-2)/21*-3 + (-80)/(-14)?
2
Let s(y) = -2426*y + 4857*y + 195 - 2426*y. What is the remainder when 326 is divided by s(-28)?
51
Let z be 7*((-2)/(-6) - (-310)/42). Let c be 610/(-9) + (-12)/z. Let g = c + 96. Calculate the remainder when 53 is divided by g.
25
Suppose 0 = 23*v - 22*v - 64. Let i = v - 60. Suppose 0 = -p + i*o + 101, 0 = -2*p - 7*o + 4*o + 180. Calculate the remainder when p is divided by 24.
21
Let g = 12567 - 12460. Calculate the remainder when g is divided by 58.
49
Calculate the remainder when 385 is divided by 6/45 + 4836/180.
7
Let k = -41 - -49. Let o(a) = a**3 + 6*a + 11 - 2*a**2 - k*a + 3*a. Calculate the remainder when o(4) is divided by 16.
15
Let q(l) = 6*l + 26. Suppose -5*z + 6 + 4 = 0. Suppose z*o - o = -3*t + 29, -5*t + 2*o + 63 = 0. What is the remainder when q(t) is divided by 24?
20
Let i = -5 + 17. Suppose -9 = -r + 3*n + 2, -4*r = 3*n - 119. What is the remainder when i is divided by (672/(-1456))/((-2)/r)?
0
What is the remainder when (-2948)/88 + 33 + 4585/2 + 0 is divided by 135?
132
Suppose -197*v + 202*v - 13154 = y, -2*v + 5288 = 4*y. What is the remainder when v is divided by 91?
84
Calculate the remainder when 856 is divided by (-1 - -199) + 14 + 2 + 4.
202
Suppose -s + 30 = 4*s. Let q(a) = 2*a**2 - 9*a + 3. Suppose -2*v = 5*f - 62, -12376*v + 12371*v + f + 47 = 0. Calculate the remainder when q(s) is divided by v.
10
Let h(l) = 13*l - 126. Let k be h(10). What is the remainder when k/((-5)/(-700)*16) is divided by 16?
3
Calculate the remainder when (-10 + 38/4)*((4 - 1) + -2171) is divided by 41.
18
Let m = 68 - 66. Let l = -4 + 1. What is the remainder when 4 + -4 + (l - -7) is divided by m?
0
Let z(y) = 4*y**2 - 2*y - 13. Let t be z(-4). Suppose g - 2*g = a + t, 268 = -4*a + 4*g. Let d = a + 123. What is the remainder when d is divided by 21?
18
Suppose -5*y = -4*g + 639, -42 = -2*y - 40. Let d = -111 + g. What is the remainder when d is divided by 19?
12
Let x = 74 - -17. Let u(y) = 6*y**2 + 45*y - 4. Calculate the remainder when x is divided by u(-8).
11
Suppose -3*q - 2*q + 180 = 0. What is the remainder when q is divided by 159/9 - 63/(-27)?
16
Let o(b) = -6*b + 69. Let d(t) = t**2 - 64*t - 233. Calculate the remainder when o(-11) is divided by d(68).
18
Let d be (-237)/(-15) + (32/10 - 3). Suppose -96 = -d*s + 10*s. What is the remainder when 47 is divided by s?
15
Suppose -g + 50 = -3*h, -4*g + 22 = 2*h - 150. Let i = -10 + g. Suppose i*u + 42 = 36*u. Calculate the remainder when 82 is divided by u.
19
Suppose -107 = -6*o - 101. Let y(z) = 72*z**3 - 6*z + 5. Calculate the remainder when y(o) is divided by 24.
23
Let u(r) = r**2 - r + 49. Let f = 462 + -225. Let z = -220 + f. Calculate the remainder when u(0) is divided by z.
15
Let r(x) = 4*x**2 - 5. Let p be r(2). Suppose -p*t = -39 - 38. Suppose 9 = t*b - 222. Calculate the re